{"id":4523,"date":"2021-11-22T11:44:11","date_gmt":"2021-11-22T11:44:11","guid":{"rendered":"https:\/\/izmirkagit.com\/?post_type=product&#038;p=4523"},"modified":"2021-11-22T11:44:11","modified_gmt":"2021-11-22T11:44:11","slug":"kare-kirmizi-biber","status":"publish","type":"product","link":"https:\/\/izmirkagit.com\/index.php\/urun\/kare-kirmizi-biber\/","title":{"rendered":"Kare K\u0131rm\u0131z\u0131 Biber"},"content":{"rendered":"","protected":false},"excerpt":{"rendered":"","protected":false},"featured_media":0,"template":"","meta":[],"product_cat":[48],"product_tag":[],"_links":{"self":[{"href":"https:\/\/izmirkagit.com\/index.php\/wp-json\/wp\/v2\/product\/4523"}],"collection":[{"href":"https:\/\/izmirkagit.com\/index.php\/wp-json\/wp\/v2\/product"}],"about":[{"href":"https:\/\/izmirkagit.com\/index.php\/wp-json\/wp\/v2\/types\/product"}],"wp:attachment":[{"href":"https:\/\/izmirkagit.com\/index.php\/wp-json\/wp\/v2\/media?parent=4523"}],"wp:term":[{"taxonomy":"product_cat","embeddable":true,"href":"https:\/\/izmirkagit.com\/index.php\/wp-json\/wp\/v2\/product_cat?post=4523"},{"taxonomy":"product_tag","embeddable":true,"href":"https:\/\/izmirkagit.com\/index.php\/wp-json\/wp\/v2\/product_tag?post=4523"}],"curies":[{"name":"wp","href":"https:\/\/api.w.org\/{rel}","templated":true}]}}