{"id":4529,"date":"2021-11-22T11:46:05","date_gmt":"2021-11-22T11:46:05","guid":{"rendered":"https:\/\/izmirkagit.com\/?post_type=product&#038;p=4529"},"modified":"2021-11-22T11:46:05","modified_gmt":"2021-11-22T11:46:05","slug":"kese-kagidi-sulfit","status":"publish","type":"product","link":"https:\/\/izmirkagit.com\/index.php\/urun\/kese-kagidi-sulfit\/","title":{"rendered":"Kese Ka\u011f\u0131d\u0131 &#8211;  S\u00fclfit"},"content":{"rendered":"","protected":false},"excerpt":{"rendered":"","protected":false},"featured_media":0,"template":"","meta":[],"product_cat":[45],"product_tag":[],"_links":{"self":[{"href":"https:\/\/izmirkagit.com\/index.php\/wp-json\/wp\/v2\/product\/4529"}],"collection":[{"href":"https:\/\/izmirkagit.com\/index.php\/wp-json\/wp\/v2\/product"}],"about":[{"href":"https:\/\/izmirkagit.com\/index.php\/wp-json\/wp\/v2\/types\/product"}],"wp:attachment":[{"href":"https:\/\/izmirkagit.com\/index.php\/wp-json\/wp\/v2\/media?parent=4529"}],"wp:term":[{"taxonomy":"product_cat","embeddable":true,"href":"https:\/\/izmirkagit.com\/index.php\/wp-json\/wp\/v2\/product_cat?post=4529"},{"taxonomy":"product_tag","embeddable":true,"href":"https:\/\/izmirkagit.com\/index.php\/wp-json\/wp\/v2\/product_tag?post=4529"}],"curies":[{"name":"wp","href":"https:\/\/api.w.org\/{rel}","templated":true}]}}